t b be (5 - m)/((28/(-96))/(-7)). Calculate the highest common factor of 72 and b.
24
Suppose -418*r + 426*r - 1152 = 0. What is the highest common divisor of r and 96?
48
Suppose 0 = 49*y - 53*y + 3*i + 103, -2*y = -3*i - 47. Calculate the greatest common divisor of y and 1848.
28
Let o be (-125)/(-35) - (-12)/(-21). Suppose -o*p - 15 = -4*t - 6, 0 = 3*t + p - 23. Calculate the greatest common divisor of 6 and t.
6
Let d(f) = f**2 + f + 1. Let n(h) = -4*h**3 + 5*h**2 + 6*h + 5. Let s(r) = -4*d(r) + n(r). Let g be s(-1). Calculate the highest common divisor of 28 and g.
4
Let w(u) = 5*u. Let k be w(1). Suppose -4*g - 4*a = -604, 2*g - g = -k*a + 147. What is the highest common divisor of 19 and g?
19
Let a be 1 + 1 + (-17)/(34/(-212)). Let i = 134 - a. What is the highest common divisor of 52 and i?
26
Suppose 3*l + 2*l = -225. Let i be (-243)/l - (-3)/5. Suppose -2*o - o + m + 19 = 0, 2*o + i = -4*m. What is the highest common factor of 25 and o?
5
Suppose 2*a - 428 = -20*b + 24*b, 3*a = -2*b + 682. What is the highest common factor of a and 14?
14
Let o(c) = -4*c - 9. Let j be o(12). Let g = j - -106. Suppose -3*p = -32 - g. Calculate the highest common factor of p and 216.
27
Let h(s) = -s**3 + s**2 - 37*s + 1480. Let j be h(0). Calculate the highest common factor of 37 and j.
37
Let p(d) = 5*d**2 - 65*d + 110. Let w be p(17). What is the greatest common divisor of w and 90?
90
Suppose -455 = -3*j + v, 0*j - v = 4*j - 602. Let p = -130 + j. Let g(a) = 47*a + 1. Let d be g(4). Calculate the greatest common divisor of p and d.
21
Let a be (168 + 30)/(7 + -4). Let y = 214 - 115. Calculate the highest common factor of a and y.
33
Let o = -18 + 20. Suppose 2*f - 2*z = -2*f, o*f + 4*z = 20. Let l be (-4 - (2 + -52))/f. Calculate the highest common factor of 69 and l.
23
Let r(l) = l**3 - 7*l**2 - 3*l + 12. Let v be r(8). Let y be ((-4)/6*1)/(19 + 14824/(-780)). What is the highest common factor of y and v?
26
Suppose 43 + 573 = -186*g + 230*g. Suppose 0 = -3*u + u + 308. What is the greatest common factor of g and u?
14
Suppose -3*m - 38 = -191. Let q be ((-3)/2)/((-5)/1190). Calculate the highest common divisor of m and q.
51
Let q(o) = 12*o - o**2 + 9 - 1 + 9. Let u be q(11). Calculate the highest common factor of u and 70.
14
Let k(h) = -2*h + 0*h**2 + 1 + 43*h**2 + 3*h**2 + 0. Let z be k(1). What is the highest common divisor of z and 27?
9
Suppose 19 = o + 5*p - 9*p, 2*p + 8 = 0. Suppose 5*h + 5 = -2*f, 5*h + f + 2 = 2*h. What is the greatest common divisor of o and h?
1
Suppose 107 = 2*u - 5*l, 0 = -5*u + 17*l - 19*l + 224. What is the greatest common factor of 1242 and u?
46
Let q = -45 - -47. Let z be (9/(-18))/((-1)/q). What is the highest common divisor of z and 5?
1
Let h = -13 + 22. Suppose s + 5*y = 2*s - 3, s - h = -y. Suppose 16*g = 17*g - 56. What is the greatest common divisor of g and s?
8
Let i(w) = -w**3 - 7*w**2 - 2*w + 7. Let u be i(-7). Calculate the greatest common divisor of u and 315.
21
Suppose -5*t - 88 = -n, 2*n + 3*t - 220 = 2*t. What is the greatest common factor of 24 and n?
12
Suppose 8220 = 35*i - 3330. What is the highest common factor of i and 240?
30
Let z = -13 + -3. Let u = -10 - z. Suppose a - 2 = -w + 5, -40 = -4*a + 2*w. Calculate the greatest common divisor of a and u.
3
Suppose 3*r + 23*r = 2*r + 1176. Let s be (8/1)/1 + -1. Calculate the greatest common divisor of s and r.
7
Suppose -5*i = o - 189, -3*i + 5*o = o - 118. Let y = -26 + 22. Let m be ((-38)/y)/(1/10). Calculate the greatest common factor of i and m.
19
Suppose w = -3*z - 231, 2*z - 462 = 2*w + 3*z. Let y be (24/7)/((-22)/w). What is the highest common divisor of y and 8?
4
Let z(a) = 8*a + 144. Let x be z(16). Calculate the greatest common divisor of 80 and x.
16
Suppose -s + 310 = -4*l, -l + 2*s = -2*l - 73. Let m = 5 + -7. Let y be (l/(-2))/(m/(-4)). What is the highest common factor of y and 7?
7
Let b(o) = 26*o**3 + o**2 - o - 3. Let p be b(-2). Let u = 520 + p. What is the greatest common factor of u and 45?
45
Let g(y) = y**2 - 9*y - 26. Let u be g(-6). What is the highest common factor of u and 128?
64
Let u be 814/(-2)*(-207)/207. Calculate the highest common divisor of 33 and u.
11
Let w(p) = -p**2 + 7*p + 8. Let n be w(6). Let z = 22 - n. What is the greatest common factor of 72 and z?
8
Let w = -16 - -16. Suppose -3*z - z + 1052 = w. Suppose 3*g = z + 100. What is the greatest common factor of g and 11?
11
Suppose 0 = -2*m + 473 - 17. Let v = -129 + m. Calculate the greatest common divisor of v and 9.
9
Let j = 2654 + -1213. What is the greatest common factor of j and 11?
11
Let l = 2 - -1. Let p = -26 + 50. Calculate the highest common divisor of p and l.
3
Suppose -6*w + 1829 = 281. Suppose -222 = -6*m + w. Calculate the greatest common factor of m and 16.
16
Let i(f) = 3*f**2 - 3*f + 9. Let w be i(2). Calculate the highest common divisor of w and 405.
15
Suppose 3*x = 4*i + 45 - 6, -x = -i - 12. Suppose 2*w - m = x, m - 19 = -3*w + w. Suppose -h + w + 1 = 0. Calculate the greatest common divisor of 64 and h.
8
Suppose 3*d = 21 + 24. Suppose 2*z = b - 41, 2*b + z - 73 = 2*z. Let r = -20 + b. Calculate the highest common divisor of r and d.
15
Let z(f) = -f**3 - 11*f**2 - 5*f + 2. Let p be z(-11). Let w = p + -38. Let v = 169 - 17. What is the greatest common divisor of w and v?
19
Let g be 1664/16 + 8/(-6)*-3. What is the greatest common divisor of 12 and g?
12
Let r be (19/(-2))/(13/(-78)). Let t = r + -25. Calculate the highest common factor of 4 and t.
4
Suppose 5*c - 5 = -3*y + 40, -c = -4*y - 32. What is the greatest common divisor of 324 and c?
12
Let s(m) = 84*m - 306. Let p be s(5). What is the greatest common factor of 54 and p?
6
Let b(n) = n**2 - 3*n + 2. Let t(m) = m. Let y be t(9). Let u be b(y). What is the greatest common factor of 8 and u?
8
Let f = 330 + -321. Let n = -28 + 73. Calculate the greatest common divisor of n and f.
9
Suppose -149*n + 4692 = -146*n. What is the highest common factor of 68 and n?
68
Let n = -2 + 5. Let i(o) be the first derivative of -o**4/4 + 5*o**3/3 - 5*o**2/2 + 3*o - 95. Let l be i(n). What is the greatest common factor of l and 42?
6
Suppose -d = 5 - 26. Suppose 3 + d = 3*p. Let x be (22/(-3))/(p/(-12)). Calculate the highest common factor of 33 and x.
11
Let i(y) = y + 43. Let o be i(-6). What is the greatest common factor of 1 and o?
1
Let y(j) = j**3 + 27*j**2 - 43*j + 38. Let q be y(-27). What is the highest common factor of 109 and q?
109
Let y(z) = 4*z**3 - 8*z**2 + 15*z - 6. Let i be y(3). Calculate the greatest common factor of 75 and i.
75
Suppose 3*d - 9 = 4*a, -4*a - d + 9 = 2*d. Suppose 0 = -11*q + 9*q + 28. Let h = q + a. What is the greatest common factor of h and 42?
14
Let o = -24 + 27. Suppose -2*m + o*m = 2, 8 = 3*s + m. Let g = 82 - s. Calculate the greatest common factor of 32 and g.
16
Let l be (-4)/14 - (-514)/(-14). Let n = l + 72. Let k be ((-10)/n)/(1/(-7)). What is the highest common factor of 3 and k?
1
Let h = 263 + -251. Suppose 0*n - n + 197 = 2*c, 4*n = 4*c - 364. What is the greatest common factor of c and h?
12
Let s(x) = x**2 - 7*x + 14. Let h be ((-2)/6 - -1)*(-150)/(-25). Let w be s(h). Calculate the greatest common factor of 22 and w.
2
Let b(o) = -o**2 + o - 36. Let x be b(0). Let h = x - -116. Calculate the greatest common divisor of h and 10.
10
Suppose 0 = 942*r - 939*r - 2751. What is the highest common divisor of 7 and r?
7
Suppose -3*a + 5*a - 116 = 0. Let q = a - 20. Let p = q - 18. Calculate the greatest common factor of p and 8.
4
Suppose 9*u + 349 = -380. Let m = -44 - u. Calculate the greatest common divisor of m and 37.
37
Let c(b) be the second derivative of -7*b**3/6 - 3*b**2/2 + b. Let p be c(-5). Suppose 0 = 36*h - 188 - 79 - 21. What is the highest common factor of h and p?
8
Let j be (0 + 20/6)*3. Suppose -5*l - 75 = -425. Calculate the highest common divisor of j and l.
10
Suppose 3*x - 15 = 0, 4*p + 28*x - 88 = 32*x. Calculate the highest common divisor of p and 3.
3
Suppose 2*k + 2*z - 34 = 0, -5*z = -22 - 3. Suppose 0 = -5*p - 4*l + 7, -4*p = 10*l - 14*l - 20. Calculate the highest common factor of p and k.
3
Suppose -8303*y = -8308*y + 65. Let w(b) = -b**3 + 5*b**2 - 2. Let x be w(5). Let p be x/(-5) + (-323)/(-5)